What is the tens digit of 7256?
5
What is the tens digit of 3068?
6
What is the hundreds digit of 51621?
6
What is the tens digit of 837?
3
What is the units digit of 1667?
7
What is the hundreds digit of 828?
8
What is the hundreds digit of 30586?
5
What is the units digit of 289?
9
What is the units digit of 24273?
3
What is the units digit of 15754?
4
What is the thousands digit of 37973?
7
What is the hundreds digit of 687?
6
What is the hundreds digit of 14720?
7
What is the ten thousands digit of 25493?
2
What is the thousands digit of 3545?
3
What is the units digit of 2041?
1
What is the tens digit of 28382?
8
What is the thousands digit of 1966?
1
What is the units digit of 1857?
7
What is the units digit of 2491?
1
What is the tens digit of 907?
0
What is the thousands digit of 2634?
2
What is the tens digit of 4531?
3
What is the tens digit of 554?
5
What is the tens digit of 49410?
1
What is the thousands digit of 16987?
6
What is the units digit of 14068?
8
What is the tens digit of 20702?
0
What is the units digit of 39885?
5
What is the tens digit of 1157?
5
What is the tens digit of 31201?
0
What is the units digit of 7399?
9
What is the units digit of 10861?
1
What is the hundreds digit of 3652?
6
What is the hundreds digit of 619?
6
What is the tens digit of 191?
9
What is the ten thousands digit of 20920?
2
What is the thousands digit of 92547?
2
What is the hundreds digit of 2532?
5
What is the units digit of 11025?
5
What is the thousands digit of 1930?
1
What is the hundreds digit of 693?
6
What is the tens digit of 1978?
7
What is the ten thousands digit of 54229?
5
What is the hundreds digit of 21641?
6
What is the tens digit of 10812?
1
What is the hundreds digit of 15629?
6
What is the units digit of 4662?
2
What is the hundreds digit of 24195?
1
What is the ten thousands digit of 138802?
3
What is the tens digit of 30487?
8
What is the units digit of 2383?
3
What is the thousands digit of 64870?
4
What is the tens digit of 686?
8
What is the tens digit of 31246?
4
What is the ten thousands digit of 32617?
3
What is the tens digit of 5565?
6
What is the tens digit of 245?
4
What is the thousands digit of 5043?
5
What is the ten thousands digit of 92957?
9
What is the hundreds digit of 1309?
3
What is the thousands digit of 1835?
1
What is the tens digit of 14755?
5
What is the hundreds digit of 1387?
3
What is the units digit of 22013?
3
What is the hundreds digit of 74530?
5
What is the hundreds digit of 953?
9
What is the ten thousands digit of 14242?
1
What is the thousands digit of 11437?
1
What is the ten thousands digit of 52789?
5
What is the hundreds digit of 3233?
2
What is the thousands digit of 2874?
2
What is the hundreds digit of 10334?
3
What is the units digit of 910?
0
What is the ten thousands digit of 16622?
1
What is the tens digit of 1386?
8
What is the tens digit of 999?
9
What is the units digit of 6772?
2
What is the units digit of 33100?
0
What is the hundreds digit of 92996?
9
What is the tens digit of 141000?
0
What is the units digit of 26106?
6
What is the ten thousands digit of 32756?
3
What is the tens digit of 8138?
3
What is the hundreds digit of 37931?
9
What is the units digit of 394?
4
What is the thousands digit of 120232?
0
What is the units digit of 31928?
8
What is the hundreds digit of 34208?
2
What is the hundreds digit of 29387?
3
What is the tens digit of 2841?
4
What is the units digit of 33064?
4
What is the hundreds digit of 2737?
7
What is the tens digit of 3037?
3
What is the tens digit of 8287?
8
What is the hundreds digit of 1157?
1
What is the tens digit of 1364?
6
What is the units digit of 48224?
4
What is the tens digit of 722?
2
What is the tens digit of 18921?
2
What is the tens digit of 42414?
1
What is the tens digit of 309?
0
What is the tens digit of 9758?
5
What is the hundreds digit of 1662?
6
What is the tens digit of 34?
3
What is the units digit of 8299?
9
What is the tens digit of 1510?
1
What is the units digit of 64?
4
What is the tens digit of 288?
8
What is the tens digit of 14764?
6
What is the tens digit of 9010?
1
What is the units digit of 1607?
7
What is the hundreds digit of 4737?
7
What is the tens digit of 1967?
6
What is the units digit of 382?
2
What is the tens digit of 1406?
0
What is the units digit of 330?
0
What is the hundreds digit of 1012?
0
What is the hundreds digit of 24665?
6
What is the thousands digit of 1194?
1
What is the tens digit of 2958?
5
What is the hundreds digit of 14199?
1
What is the thousands digit of 10982?
0
What is the thousands digit of 39258?
9
What is the tens digit of 287?
8
What is the tens digit of 1275?
7
What is the tens digit of 440?
4
What is the tens digit of 749?
4
What is the units digit of 2455?
5
What is the hundreds digit of 9337?
3
What is the hundreds digit of 28065?
0
What is the hundreds digit of 6171?
1
What is the tens digit of 7718?
1
What is the units digit of 55641?
1
What is the tens digit of 3091?
9
What is the thousands digit of 1680?
1
What is the units digit of 80256?
6
What is the units digit of 2890?
0
What is the tens digit of 192007?
0
What is the hundreds digit of 833?
8
What is the tens digit of 5417?
1
What is the units digit of 7170?
0
What is the units digit of 3758?
8
What is the tens digit of 2073?
7
What is the tens digit of 1208?
0
What is the hundreds digit of 31388?
3
What is the hundreds digit of 41422?
4
What is the units digit of 17548?
8
What is the thousands digit of 6798?
6
What is the tens digit of 16383?
8
What is the tens digit of 2918?
1
What is the units digit of 157?
7
What is the units digit of 11663?
3
What is the units digit of 1890?
0
What is the units digit of 1320?
0
What is the tens digit of 6287?
8
What is the units digit of 653?
3
What is the units digit of 41469?
9
What is the units digit of 3524?
4
What is the thousands digit of 3845?
3
What is the hundreds digit of 1766?
7
What is the hundreds digit of 110420?
4
What is the tens digit of 7412?
1
What is the tens digit of 123021?
2
What is the units digit of 8871?
1
What is the units digit of 687?
7
What is the units digit of 2446?
6
What is the tens digit of 2931?
3
What is the hundreds digit of 11244?
2
What is the hundreds digit of 988?
9
What is the tens digit of 944?
4
What is the thousands digit of 6822?
6
What is the ten thousands digit of 71161?
7
What is the units digit of 42?
2
What is the units digit of 386?
6
What is the tens digit of 78748?
4
What is the units digit of 474?
4
What is the tens digit of 36434?
3
What is the thousands digit of 2165?
2
What is the units digit of 299?
9
What is the ten thousands digit of 164930?
6
What is the tens digit of 3023?
2
What is the hundreds digit of 9334?
3
What is the hundreds digit of 861?
8
What is the tens digit of 197?
9
What is the thousands digit of 9539?
9
What is the tens digit of 1668?
6
What is the tens digit of 1031?
3
What is the thousands digit of 26350?
6
What is the thousands digit of 6722?
6
What is the tens digit of 130?
3
What is the hundreds digit of 15575?
5
What is the tens digit of 3932?
3
What is the units digit of 7210?
0
What is the units digit of 18319?
9
What is the hundred thousands digit of 123449?
1
What is the hundreds digit of 918?
9
What is the thousands digit of 21873?
1
What is the tens digit of 23334?
3
What is the tens digit of 4532?
3
What is the hundreds digit of 2691?
6
What is the tens digit of 6460?
6
What is the hundred thousands digit of 127338?
1
What is the units digit of 90008?
8
What is the units digit of 3410?
0
What is the tens digit of 4282?
8
What is the tens digit of 69553?
5
What is the tens digit of 5231?
3
What is the units digit of 73958?
8
What is the ten thousands digit of 38511?
3
What is the units digit of 197?
7
What is the tens digit of 92?
9
What is the units digit of 416?
6
What is the tens digit of 74?
7
What is the hundred thousands digit of 119128?
1
What is the tens digit of 218?
1
What is the thousands digit of 7291?
7
What is the hundreds digit of 938?
9
What is the thousands digit of 7410?
7
What is the units digit of 795?
5
What is the tens digit of 2042?
4
What is the hundreds digit of 2371?
3
What is the thousands digit of 2160?
2
What is the thousands digit of 